
2
What is the tens digit of 5962210?
1
What is the hundred thousands digit of 2875354?
8
What is the ten thousands digit of 18451344?
5
What is the units digit of 18353?
3
What is the thousands digit of 369781?
9
What is the thousands digit of 203012?
3
What is the tens digit of 72397?
9
What is the units digit of 46110?
0
What is the hundred thousands digit of 1020209?
0
What is the thousands digit of 2230338?
0
What is the thousands digit of 25501?
5
What is the tens digit of 27544582?
8
What is the units digit of 762898?
8
What is the tens digit of 5945207?
0
What is the ten thousands digit of 1072237?
7
What is the hundred thousands digit of 223998?
2
What is the thousands digit of 645379?
5
What is the thousands digit of 7929154?
9
What is the units digit of 450124?
4
What is the hundred thousands digit of 504954?
5
What is the ten thousands digit of 5512213?
1
What is the units digit of 5692896?
6
What is the hundreds digit of 583523?
5
What is the units digit of 445195?
5
What is the units digit of 4258493?
3
What is the units digit of 110464?
4
What is the thousands digit of 4542?
4
What is the ten thousands digit of 8757337?
5
What is the tens digit of 147636?
3
What is the hundred thousands digit of 526725?
5
What is the units digit of 88934?
4
What is the tens digit of 2372947?
4
What is the ten thousands digit of 500001?
0
What is the millions digit of 2092561?
2
What is the tens digit of 57719?
1
What is the units digit of 4924963?
3
What is the ten thousands digit of 728810?
2
What is the units digit of 782993?
3
What is the hundreds digit of 551536?
5
What is the hundreds digit of 239358?
3
What is the ten thousands digit of 8080105?
8
What is the units digit of 362474?
4
What is the units digit of 451903?
3
What is the units digit of 640535?
5
What is the tens digit of 73650?
5
What is the thousands digit of 190370?
0
What is the hundreds digit of 1060188?
1
What is the thousands digit of 306060?
6
What is the tens digit of 166359?
5
What is the tens digit of 563736?
3
What is the thousands digit of 192561?
2
What is the hundred thousands digit of 8024776?
0
What is the millions digit of 6445020?
6
What is the ten millions digit of 17872209?
1
What is the hundred thousands digit of 157183?
1
What is the hundred thousands digit of 885869?
8
What is the ten thousands digit of 461767?
6
What is the hundred thousands digit of 223067?
2
What is the hundred thousands digit of 1445981?
4
What is the ten thousands digit of 1226641?
2
What is the ten thousands digit of 2775426?
7
What is the hundreds digit of 12954203?
2
What is the hundreds digit of 1050921?
9
What is the units digit of 1358165?
5
What is the thousands digit of 932908?
2
What is the hundreds digit of 395631?
6
What is the hundreds digit of 23407768?
7
What is the thousands digit of 227383?
7
What is the hundred thousands digit of 630931?
6
What is the units digit of 5054184?
4
What is the millions digit of 2353756?
2
What is the hundred thousands digit of 375182?
3
What is the hundreds digit of 100482?
4
What is the tens digit of 24259?
5
What is the ten thousands digit of 7029506?
2
What is the hundred thousands digit of 3152912?
1
What is the hundreds digit of 1227996?
9
What is the tens digit of 3292124?
2
What is the tens digit of 5150836?
3
What is the thousands digit of 10175696?
5
What is the units digit of 8560168?
8
What is the tens digit of 11215781?
8
What is the tens digit of 800018?
1
What is the tens digit of 7078601?
0
What is the hundred thousands digit of 7691376?
6
What is the millions digit of 6438327?
6
What is the ten thousands digit of 4557369?
5
What is the ten thousands digit of 187971?
8
What is the units digit of 308893?
3
What is the ten thousands digit of 591736?
9
What is the tens digit of 1255119?
1
What is the hundreds digit of 10863516?
5
What is the thousands digit of 1298927?
8
What is the tens digit of 1484263?
6
What is the thousands digit of 2082988?
2
What is the ten thousands digit of 1228059?
2
What is the units digit of 271077?
7
What is the ten thousands digit of 7561640?
6
What is the hundreds digit of 549693?
6
What is the ten thousands digit of 1475290?
7
What is the thousands digit of 100788?
0
What is the thousands digit of 253750?
3
What is the ten millions digit of 12278512?
1
What is the thousands digit of 325097?
5
What is the thousands digit of 156526?
6
What is the thousands digit of 134357?
4
What is the tens digit of 3436103?
0
What is the hundred thousands digit of 4541301?
5
What is the thousands digit of 155948?
5
What is the hundreds digit of 286729?
7
What is the thousands digit of 540954?
0
What is the millions digit of 20529189?
0
What is the units digit of 223535?
5
What is the millions digit of 6546541?
6
What is the ten thousands digit of 3578708?
7
What is the hundred thousands digit of 23633497?
6
What is the hundred thousands digit of 1029779?
0
What is the ten thousands digit of 173326?
7
What is the thousands digit of 602822?
2
What is the ten thousands digit of 6486843?
8
What is the thousands digit of 9848412?
8
What is the hundreds digit of 193195?
1
What is the tens digit of 2641168?
6
What is the hundreds digit of 18037864?
8
What is the millions digit of 9517216?
9
What is the ten thousands digit of 749054?
4
What is the units digit of 2699682?
2
What is the thousands digit of 1917314?
7
What is the tens digit of 5726129?
2
What is the thousands digit of 1480638?
0
What is the ten thousands digit of 3442771?
4
What is the tens digit of 382760?
6
What is the thousands digit of 1118641?
8
What is the units digit of 15541801?
1
What is the thousands digit of 158183?
8
What is the hundred thousands digit of 9541793?
5
What is the units digit of 417757?
7
What is the hundreds digit of 11909625?
6
What is the thousands digit of 6577?
6
What is the thousands digit of 279164?
9
What is the hundred thousands digit of 10784448?
7
What is the thousands digit of 780599?
0
What is the units digit of 55159?
9
What is the thousands digit of 7181555?
1
What is the units digit of 6531387?
7
What is the hundreds digit of 49829?
8
What is the millions digit of 16519013?
6
What is the tens digit of 9556995?
9
What is the tens digit of 4050462?
6
What is the units digit of 14984953?
3
What is the ten thousands digit of 541029?
4
What is the thousands digit of 905509?
5
What is the units digit of 1174373?
3
What is the ten millions digit of 11186624?
1
What is the thousands digit of 36690?
6
What is the ten thousands digit of 1340248?
4
What is the hundreds digit of 4389810?
8
What is the units digit of 1828020?
0
What is the tens digit of 3009550?
5
What is the ten thousands digit of 9611331?
1
What is the tens digit of 6478565?
6
What is the ten millions digit of 19640523?
1
What is the units digit of 8340966?
6
What is the hundreds digit of 349170?
1
What is the hundred thousands digit of 10696502?
6
What is the ten thousands digit of 572788?
7
What is the units digit of 168396?
6
What is the thousands digit of 45448?
5
What is the ten thousands digit of 10769?
1
What is the hundred thousands digit of 7658859?
6
What is the tens digit of 43754?
5
What is the hundred thousands digit of 5070538?
0
What is the thousands digit of 355612?
5
What is the thousands digit of 2773996?
3
What is the hundreds digit of 158220?
2
What is the hundreds digit of 2226981?
9
What is the ten thousands digit of 997594?
9
What is the hundred thousands digit of 2222869?
2
What is the hundreds digit of 576622?
6
What is the ten thousands digit of 207533?
0
What is the hundred thousands digit of 26561433?
5
What is the hundreds digit of 107603?
6
What is the units digit of 29743370?
0
What is the thousands digit of 298004?
8
What is the hundred thousands digit of 130256?
1
What is the millions digit of 1328176?
1
What is the units digit of 2513961?
1
What is the ten thousands digit of 1420913?
2
What is the hundred thousands digit of 977755?
9
What is the thousands digit of 96481?
6
What is the ten thousands digit of 520679?
2
What is the hundred thousands digit of 892323?
8
What is the units digit of 449786?
6
What is the hundreds digit of 1503382?
3
What is the ten millions digit of 28584376?
2
What is the tens digit of 452022?
2